- 197 = -4*z, -5*f + z + 182 = 0. Let y be (5*(-1)/3)/((-5)/(-150)). What is the remainder when y/(-10)*292/10 is divided by f?
35
Let h(b) = 458*b**3 + b**2 - 21*b + 24. What is the remainder when h(1) is divided by 14?
0
Suppose -3*k + 114 = -2*v - 249, -k - 5*v = -138. Let w = k - 96. Let i = 16 - 9. What is the remainder when w is divided by i?
6
Let y = 42 - 37. Suppose y*z - 4*z = 4*d - 217, -4*d + 197 = 3*z. Suppose 1 = 3*j - d. What is the remainder when j is divided by 7?
4
Suppose 3*a = -w - w + 466, -2*w = -a + 166. Suppose -c = 3*b - 127, a = 3*b + 5*c + 15. Suppose 2*u = 4*u - 44. What is the remainder when b is divided by u?
19
Let g be (-12)/10*((-64)/12 - -2). Suppose 4*s = 5*r - 353, -8*s + 3*s = g*r - 266. What is the remainder when 204 is divided by r?
66
Suppose 0 = 5*b, 0 = 5*z + 6*b - b - 400. Suppose z*i - 1170 = 71*i. What is the remainder when i is divided by 33?
31
Suppose -530 = -5*f - 394*h + 389*h, 182 = 2*f - 3*h. Calculate the remainder when 603 is divided by f.
3
Suppose -12 = 15*r - 477. Suppose -r = -f + 2. What is the remainder when 125 is divided by f?
26
Suppose 2*b = -2 + 18. Calculate the remainder when b is divided by (-5)/(-10)*(22 + -18).
0
Suppose -1831*j = -1839*j + 8128. Let m = -990 + j. Suppose -2*h + 19 = -1. Calculate the remainder when m is divided by h.
6
Suppose -126 = 16*s + 850. Let w = s + 128. Calculate the remainder when 466 is divided by w.
64
Let j(d) = 11*d**2 + 3*d - 43 - 5*d - 16*d**2 + 8*d**2 - 3. Calculate the remainder when 39 is divided by j(5).
1
Suppose 2*j = -j + 48. Let p(h) = 25*h + 35*h + 4 - 1 + 0. What is the remainder when p(1) is divided by j?
15
Let c(r) = 2*r**3 - 59*r**2 + 143*r - 31. Let z = 40 + -21. Calculate the remainder when c(27) is divided by z.
14
Let u(q) be the third derivative of -q**4/12 + 179*q**3/6 + 136*q**2. Calculate the remainder when u(15) is divided by 48.
5
Let s(q) = q**2 + 11*q - 95. Calculate the remainder when 443 is divided by s(-23).
81
Let o(d) = d**2 - 4*d + 2. What is the remainder when 11/((-11)/(-30))*(-98)/(-21) is divided by o(9)?
46
Let y be 4*(51/(-4) - -2). Let x = y + 53. Suppose 0*q + 630 = x*q. Calculate the remainder when q is divided by 11.
8
Let w(h) = 10*h + 40. Let n(y) = 20*y + 81. Let c(b) = -2*n(b) + 5*w(b). Let o be c(-5). Let v = 11 - o. Calculate the remainder when v is divided by 5.
3
Suppose -7*q + t + 23 = -4*q, -4*t = 8. Calculate the remainder when (354/2)/1 + -3 is divided by q.
6
Suppose -3*l + 8*l = 125. Let t(x) = -4*x + 8. Let o be t(3). What is the remainder when -5 + (-1 - o) - -49 is divided by l?
22
Let y = -1846 - -1851. What is the remainder when (-369)/(-12) - (-1)/4 is divided by y?
1
What is the remainder when 715 is divided by 4 - (-9)/(99/473)?
10
Suppose -147*c + 696 = -89*c. Suppose 3*i = -3*i + 4956. Calculate the remainder when i is divided by c.
10
Suppose -4*g = o - 46, 0 = -3*o - 2*g + 67 + 71. What is the remainder when 1963 is divided by o?
31
Let u(z) = 25*z - 86. Let g be u(4). Calculate the remainder when 180 is divided by (-12)/g - (-104)/7.
12
Let i be 0 + (-1)/((-4)/20). Suppose i*a + 174 = 3*a - b, 88 = -a - b. Let o = -81 - a. Calculate the remainder when 8 is divided by o.
3
Let u = 43964 - 43937. Suppose o + 6*v = 3*v + 7, 3*o + 15 = 3*v. Let a(r) = -r**3 - r**2 - 3*r - 3. What is the remainder when u is divided by a(o)?
6
Suppose 21 + 5 = 13*g. Calculate the remainder when (g/(-5))/(3/(-225)) is divided by 19.
11
Suppose 0*x + 68 = 4*x. Let g(f) = 3*f - f - 8*f - f. Calculate the remainder when g(-12) is divided by x.
16
Let d be 2/(-3) - (-74)/3. Suppose 0 = -2*f - f + d. Let l(r) = 642*r - 206063. Calculate the remainder when l(321) is divided by f.
3
Let f = 16456 + -16343. What is the remainder when 239 is divided by f?
13
Let c(t) = -291*t + 390. Calculate the remainder when c(-1) is divided by 80.
41
Let h(y) = -3*y**3 - 6*y**2 - 7*y. Let f be h(-3). Suppose f*t - 53*t = -485. What is the remainder when t is divided by 11?
9
Suppose 8 = -2*h + 4*v, 3*h = 4*h + 2*v - 12. Suppose o - 8 - h = 0. What is the remainder when 28 is divided by o?
4
Let n(a) = 2*a**2 + 33*a + 43. Let s be n(-15). Calculate the remainder when s*(-24 + -7) - -4 is divided by ((-23)/3)/(1/(-3)).
20
Let y = -8 + 8. Suppose 4*x + y*x = 4, -52 = -n + 4*x. Let f = 6210 + -6190. Calculate the remainder when n is divided by f.
16
Suppose t - 3*t + 10673 = 3*w, 3*t - 3*w = 16002. What is the remainder when t is divided by 58?
57
Let k = 21138 - 21080. Let a = 73 - 28. Suppose 4*b + f + 10 - 51 = 0, -4*b = 5*f - a. Calculate the remainder when k is divided by b.
8
What is the remainder when 3110 is divided by (102/(-5))/((-34)/((-170)/(-3)))?
16
Let h be 1 + 5 + (-6 - -2). Suppose b + 3*d + 0 = 1, b - h*d - 26 = 0. What is the remainder when 43 is divided by b?
11
Suppose 4*q - k = 5*q - 4, 2*q + 5*k = -4. Let l(u) = -12*u**3 - 7*u + 2. Let g be l(-2). What is the remainder when 28/(-3)*42/g*-4 is divided by q?
6
Let z(k) = k**3 + 73*k + 18. Let q(m) = m**2 - 2*m - 9. What is the remainder when q(-6) is divided by z(0)?
3
Suppose -21*x = 4*s - 22*x - 425, 0 = 4*s + 8*x - 344. Calculate the remainder when 25583 is divided by s.
103
Let i = -33 + 28. Let r = -1 - i. Suppose 9 = s - r*j, j + 17 = -5*s + 41. Calculate the remainder when 8 is divided by s.
3
Let n = 358 + -359. Suppose 2*x + 104 - 678 = 0. What is the remainder when 14 is divided by n/4 + x/28?
4
Suppose 15 = -5*r, 8*r + 464 = z + 3*r. Suppose -19*l + 135 = -16*l. Calculate the remainder when z is divided by l.
44
Let v(y) = 2*y**3 + 5*y**2 - 1. Let f = 343 - 205. What is the remainder when f is divided by v(2)?
33
Suppose 3*j - 93 = -5*z, -j + 5*j - 124 = 3*z. Suppose -3*y + 61 = -4*l, 94*y = 89*y + 3*l + 98. Calculate the remainder when j is divided by y.
12
Suppose j - 108 = s, 0 = 3*j + 5*s - 315 - 9. Calculate the remainder when 2481 is divided by j.
105
Suppose 5*p + 25 = 0, -l + 2*p + 2 = -13. Calculate the remainder when -43*(13*14/819 + (-58)/18) is divided by l.
4
Calculate the remainder when 189 is divided by 24/20*1870/51.
13
Let b = -505759 + 505773. Let s(q) = 4*q**2 - 8*q - 2. What is the remainder when s(-7) is divided by b?
12
Let i(d) = d**3 - 2*d**2 + 7*d - 7. Let o be i(6). Let s = o - 139. What is the remainder when s is divided by 21?
19
Let r(g) = -g**2 - 8*g + 7. Let w be r(1). What is the remainder when 65 is divided by -2 - w - (-3 - 24)?
11
Suppose v - 695*f - 23 = -690*f, 5*v + f = 63. What is the remainder when 7212 is divided by v?
10
Suppose -7*j = -16*j + 252. Suppose -j*h - 70 = -35*h. What is the remainder when 22 is divided by h?
2
Suppose 8*a + 180 = 3*a. Let n(t) = 60*t + 1613. Let s be n(-26). Let c = a + s. Calculate the remainder when c is divided by 6.
5
Let v be 12/54 - (-56)/(-9). What is the remainder when (0 + v - -107) + 3 is divided by 37?
30
Let o(g) = 2*g**3 - 168*g**2 - 700*g - 212. Suppose -3*p = 2*p - 65. What is the remainder when o(88) is divided by p?
10
Let x(y) = -2*y + 6*y**2 - 6*y**2 + 12 - 3*y**2 + 2*y**3. What is the remainder when x(5) is divided by 15?
12
Suppose 1359348 - 396848 = 60*g + 17*g. Calculate the remainder when g is divided by 133.
131
What is the remainder when 1485 is divided by -4*(1930/(-40) - 5)?
207
Let m = -415 - -691. Suppose -5*r - v - 452 = -2*v, -3*r - v - m = 0. Let b = -46 - r. Calculate the remainder when 223 is divided by b.
43
Suppose 11*a - 7*a - 68 = 0. Let z(c) = 5*c - 49. Let r = 45 - 26. What is the remainder when z(a) is divided by r?
17
Suppose -354*c + 362*c - 48 = 0. What is the remainder when 207 is divided by c?
3
Let r(s) = s**3 - s**2 + 6*s - 61. Let j be r(8). Suppose 11*x - j = 940. Calculate the remainder when x is divided by 27.
17
Suppose 0 = 3*j - 3*p - 3, 0*j = 4*j - 3*p. Let g = j + 35. Suppose -12*h - g = -16*h. What is the remainder when h is divided by 7?
1
Let t = 11676 - 11658. Calculate the remainder when 36 is divided by t.
0
Suppose 0 = -10*x + 9*x + 1134. Let c = x - 703. What is the remainder when c is divided by 48?
47
Let a be -5*4/(-10) + -1 + 3. Suppose 2*w = 11*b - 7*b, -a*b = -4*w + 4. Suppose 138 = w*u + u. What is the remainder when u is divided by 6?
4
Let r = 8641 + -8394. Calculate the remainder when r is di